{"id":277,"date":"2022-05-24T08:40:14","date_gmt":"2022-05-24T08:40:14","guid":{"rendered":"https:\/\/vapeit.milaweb.eu\/?post_type=product&#038;p=277"},"modified":"2022-05-24T08:52:32","modified_gmt":"2022-05-24T08:52:32","slug":"happease-sleep-10-20-30-oil-mountain-river","status":"publish","type":"product","link":"https:\/\/vapeit.milaweb.eu\/?product=happease-sleep-10-20-30-oil-mountain-river","title":{"rendered":"Happease Sleep 10\/20\/30% Oil Mountain River"},"content":{"rendered":"<p>Masa\u017eni gel za zagrijavanje sa uljem konoplje, mentolom, ekstraktom kestena, gaveza, kamfora i eukaliptusa za masiranje ko\u017ee u podru\u010dju umornih mi\u0161i\u0107a, zglobova i tetiva minimalno\u00a02-3 puta dnevno\/3-4 tjedna. Gel konoplje u sinergiji sa ostalim hvale vrijednim biljkama daje mu titulu jedinstvenog proizvoda na tr\u017ei\u0161tu.<\/p>\n<p>Primjena: primjerenu koli\u010dinu gela utrljati u ko\u017eu. U\u010dinak \u0107e se pobolj\u0161ati masiranjem odre\u0111enog mjesta.<\/p>\n<p>Po potrebi ponovite.<\/p>\n<p>Nije prikladno za djecu mla\u0111u od 3 godine.<\/p>\n<p>Dermatolo\u0161ki testirano<\/p>\n","protected":false},"excerpt":{"rendered":"<p>Masa\u017eni gel za zagrijavanje sa uljem konoplje, mentolom, ekstraktom kestena, gaveza, kamfora i eukaliptusa za masiranje ko\u017ee u podru\u010dju umornih mi\u0161i\u0107a, zglobova i tetiva minimalno\u00a02-3 puta dnevno\/3-4 tjedna. Gel konoplje u sinergiji sa ostalim hvale vrijednim biljkama daje mu titulu jedinstvenog proizvoda na tr\u017ei\u0161tu. Primjena: primjerenu koli\u010dinu gela utrljati u ko\u017eu. U\u010dinak \u0107e se pobolj\u0161ati [&hellip;]<\/p>\n","protected":false},"featured_media":283,"comment_status":"open","ping_status":"closed","template":"","meta":[],"product_cat":[25],"product_tag":[],"class_list":{"0":"post-277","1":"product","2":"type-product","3":"status-publish","4":"has-post-thumbnail","6":"product_cat-masazna-ulja","8":"first","9":"instock","10":"shipping-taxable","11":"purchasable","12":"product-type-simple"},"_links":{"self":[{"href":"https:\/\/vapeit.milaweb.eu\/index.php?rest_route=\/wp\/v2\/product\/277","targetHints":{"allow":["GET"]}}],"collection":[{"href":"https:\/\/vapeit.milaweb.eu\/index.php?rest_route=\/wp\/v2\/product"}],"about":[{"href":"https:\/\/vapeit.milaweb.eu\/index.php?rest_route=\/wp\/v2\/types\/product"}],"replies":[{"embeddable":true,"href":"https:\/\/vapeit.milaweb.eu\/index.php?rest_route=%2Fwp%2Fv2%2Fcomments&post=277"}],"wp:featuredmedia":[{"embeddable":true,"href":"https:\/\/vapeit.milaweb.eu\/index.php?rest_route=\/wp\/v2\/media\/283"}],"wp:attachment":[{"href":"https:\/\/vapeit.milaweb.eu\/index.php?rest_route=%2Fwp%2Fv2%2Fmedia&parent=277"}],"wp:term":[{"taxonomy":"product_cat","embeddable":true,"href":"https:\/\/vapeit.milaweb.eu\/index.php?rest_route=%2Fwp%2Fv2%2Fproduct_cat&post=277"},{"taxonomy":"product_tag","embeddable":true,"href":"https:\/\/vapeit.milaweb.eu\/index.php?rest_route=%2Fwp%2Fv2%2Fproduct_tag&post=277"}],"curies":[{"name":"wp","href":"https:\/\/api.w.org\/{rel}","templated":true}]}}